- 65*j**2 - 1094*j - 5128. Give h(-7).
31
Let g(p) = -3*p**2 - 168*p + 815. What is g(-63)?
-508
Let w(s) = -5998*s - 36030. Determine w(-6).
-42
Let c(t) = -341*t - 91205. Determine c(-270).
865
Let f(o) = -2*o**3 - 54*o**2 - 2223*o - 18825. Determine f(-10).
5
Let y(c) = 23*c - 19003. Calculate y(825).
-28
Let w(c) = c**3 - 137*c**2 - 156*c + 1714. What is w(138)?
-770
Let o(n) = n**3 - 3043*n**2 + 152580*n + 35897. Calculate o(2992).
-7
Let h(d) = 12*d**3 + 34*d**2 - 348*d + 539. Calculate h(3).
125
Let s(d) = -d**3 + 75*d**2 - 1391*d - 581. What is s(39)?
-74
Let v(l) = 53*l**2 - 628*l + 894. Calculate v(2).
-150
Let w(x) = 5*x**2 - 2892*x - 4693. Calculate w(580).
-53
Let r(v) = -2140*v + 25979. Give r(12).
299
Let k(o) = -135*o**2 + 4272*o - 4138. Give k(1).
-1
Let o(t) = 2*t**2 + 13944*t - 195581. Calculate o(14).
27
Let k(u) = 4*u**3 - 703*u**2 - 158*u - 1370. What is k(176)?
1798
Let a(z) = -69273*z + 10945146. Calculate a(158).
12
Let r(x) = x**3 + 146*x**2 - 7216*x - 140. Calculate r(-185).
45
Let q(j) = -j - 266. Calculate q(-319).
53
Let q(x) = x**3 - 19*x**2 - 88*x + 1496. Determine q(9).
-106
Let h(f) = -f**3 + 126*f**2 - 16*f + 1806. What is h(126)?
-210
Let a(o) = -3*o**2 - 538*o - 4717. Determine a(-170).
43
Let u(w) = -w**3 + 2*w**2 + 599*w + 1188. Determine u(-2).
6
Let x(p) = -3*p**2 - 154*p + 137082. Determine x(-241).
-47
Let p(b) = -b**2 + 762*b - 7643. Give p(10).
-123
Let a(z) = -178797*z - 715190. Give a(-4).
-2
Let h(x) = 8*x**3 + x**2 - 14*x - 36. What is h(-4)?
-476
Let a(v) = -17107*v - 51281. Calculate a(-3).
40
Let r(a) = -a**3 + 17*a**2 - 73*a + 482. Determine r(14).
48
Let d(r) = 193*r - 22308. Calculate d(116).
80
Let g(c) = 469*c**2 - 5159*c - 14. Determine g(11).
-14
Let n(y) = 55*y - 2479. What is n(45)?
-4
Let u(f) = 3*f**3 - 235*f**2 + 311*f - 228. Give u(77).
3
Let z(c) = -147*c**2 - 3097*c - 195. Give z(-21).
15
Let f(c) = 29456*c + 2327101. Give f(-79).
77
Let s(w) = w**2 + 357*w - 56098. Give s(118).
-48
Let w(b) = -832*b - 221. Determine w(-2).
1443
Let z(n) = -2833*n + 28192. What is z(10)?
-138
Let c(o) = 146856*o - 146866. What is c(1)?
-10
Let z(f) = -2*f**3 - 40*f**2 + 71*f + 1490. Give z(-20).
70
Let y(s) = 4*s**3 + 127*s**2 + 634*s + 26366. Determine y(-33).
-1
Let a(o) = -3119*o + 26755. Calculate a(8).
1803
Let p(z) = -99729*z - 1296479. Determine p(-13).
-2
Let l(z) = z**2 - 375*z + 32782. Determine l(138).
76
Let x(v) = -6*v**2 + 6*v - 564. Determine x(-9).
-1104
Let s(i) = -1095*i - 18786. Determine s(-15).
-2361
Let o(y) = 3*y**2 - 200*y - 4393. Determine o(-18).
179
Let o(f) = 2*f**2 - 17938*f - 756945. What is o(-42)?
-21
Let z(t) = 3*t**2 - 326*t + 436. What is z(110)?
876
Let a(w) = w**2 - 740*w + 63910. Determine a(100).
-90
Let b(i) = 4535*i + 108894. What is b(-24)?
54
Let t(g) = 11*g + 661. What is t(-39)?
232
Let q(x) = -17*x**3 + 84*x**2 + 95*x + 9. Determine q(6).
-69
Let g(m) = -28*m**2 + 59*m + 36. Give g(3).
-39
Let b(p) = -51*p**2 + 428*p + 4396. What is b(-6)?
-8
Let k(d) = 155*d**2 + 425*d - 777. Calculate k(-4).
3
Let z(w) = w**3 - 177*w**2 - 5004*w - 9283. Determine z(202).
9
Let h(j) = 1065*j + 20819. What is h(-19)?
584
Let q(t) = -87*t**3 + 523*t**2 - 205*t + 1206. Give q(6).
12
Let x(p) = -3710*p + 133. Calculate x(0).
133
Let m(b) = -78*b**3 - 4*b**2 + 117*b + 343. What is m(-3)?
2062
Let k(t) = 14285*t + 842794. Determine k(-59).
-21
Let m(w) = -w**2 + 738*w - 87344. Determine m(147).
-467
Let n(l) = 106141*l - 1592096. Determine n(15).
19
Let j(k) = 17*k**2 + 57*k - 314. Give j(3).
10
Let c(g) = -g**3 + 18*g**2 - 57*g + 97. Calculate c(3).
61
Let z(t) = -1705*t - 528549. What is z(-310)?
1
Let t(c) = c**3 - 14*c**2 + 57*c - 1041. Calculate t(15).
39
Let c(x) = x**2 - 1542*x + 52585. What is c(35)?
-160
Let s(i) = -i**3 - 106*i**2 + 3461*i + 350466. Determine s(-108).
6
Let b(s) = -15*s**2 - 342*s + 1669. Calculate b(-27).
-32
Let x(w) = -3*w**2 + 35*w + 393. Give x(0).
393
Let w(y) = y**3 + 5*y**2 + 188*y + 585. What is w(-3)?
39
Let d(n) = 2*n**3 + 512*n**2 + 19663*n + 807. Calculate d(-47).
8
Let w(j) = 2*j**3 - 138*j**2 + 643*j - 203. Calculate w(64).
-11
Let r(l) = l**3 - 426*l**2 - 16759*l + 58674. Give r(462).
0
Let c(b) = b**2 - 274*b + 12506. Give c(66).
-1222
Let d(w) = w**3 - w**2 + 166*w - 348. Calculate d(0).
-348
Let j(b) = -7*b**3 + 202*b**2 - 479*b - 1098. Calculate j(26).
-32
Let b(m) = -174729*m + 5067102. What is b(29)?
-39
Let r(u) = 937245*u + 5623454. Give r(-6).
-16
Let b(f) = 218*f**3 + 469*f**2 + 28*f - 63. Give b(-2).
13
Let d(v) = -3090*v + 21320. Determine d(7).
-310
Let c(n) = -5*n**3 + 76*n**2 + 50*n - 980. Determine c(15).
-5
Let o(b) = b**3 - 28*b**2 - 998*b - 217. What is o(49)?
1302
Let u(i) = i**3 + 13*i**2 - 39*i - 494. What is u(-12)?
118
Let i(f) = -61228*f + 2204209. Calculate i(36).
1
Let r(o) = 410*o - 3128. Give r(-1).
-3538
Let d(o) = o**2 - 184*o - 2472. What is d(-12)?
-120
Let d(u) = -u**3 + 2*u**2 + 119*u - 594. Give d(14).
-1280
Let o(h) = -152*h - 9080. Give o(-70).
1560
Let p(m) = 9*m**2 + 336*m + 760. Give p(-35).
25
Let j(m) = 38*m - 932. What is j(19)?
-210
Let k(o) = -1586*o - 242513. Calculate k(-153).
145
Let h(a) = -4*a**2 + 4027*a - 8041. Determine h(2).
-3
Let c(n) = -156*n**3 - 14*n**2 + 10*n + 1. Calculate c(1).
-159
Let j(r) = -1983*r**2 + 8*r - 39. Determine j(0).
-39
Let a(p) = 2*p**3 - 761*p**2 + 39751*p - 339. Give a(318).
-21
Let z(t) = -2*t**3 + 6413*t**2 + 12797*t - 70. What is z(-2)?
4
Let p(c) = c**3 - 13*c**2 + 2*c + 518. Calculate p(0).
518
Let n(z) = -27*z**2 + 5023*z - 386. Determine n(186).
-200
Let l(i) = i**3 - 261*i**2 - 880*i - 47702. What is l(265)?
-2
Let y(l) = 2*l**3 - 107*l**2 - 208*l - 34347. What is y(60)?
-27
Let d(x) = 13479*x - 53394. Determine d(4).
522
Let p(m) = -6*m**2 + 1652*m + 18306. Calculate p(286).
2
Let a(m) = -40*m**3 - 22*m**2 - 346*m - 1159. Determine a(-4).
2433
Let p(z) = 22831*z - 251136. Determine p(11).
5
Let n(f) = 2*f**3 + 16*f**2 - 49*f + 98. Give n(-10).
188
Let a(n) = 10*n**2 + 307*n + 216. What is a(-31)?
309
Let n(i) = 5202*i - 46855. Determine n(9).
-37
Let l(y) = 4*y**3 - 144*y**2 + 146*y + 135. What is l(35)?
345
Let b(c) = -430*c + 47750. What is b(111)?
20
Let o(f) = -f**2 + 92*f + 511. Give o(-19).
-1598
Let k(b) = -42*b - 8500. What is k(-203)?
26
Let p(t) = -4557*t + 18092. Give p(4).
-136
Let a(m) = -m**3 - 136*m**2 + 558*m + 2974. What is a(-140)?
3254
Let r(v) = 40*v**2 + 637*v + 49. Determine r(-16).
97
Let r(g) = g**3 + 7*g**2 - 1600*g - 4837. What is r(-3)?
-1
Let i(m) = -m**3 - 190*m**2 + 5836*m + 878036. What is i(-197)?
7
Let i(u) = -84*u**3 + 9324*u**2 - 6*u + 749. What is i(111)?
83
Let q(r) = 7*r**2 + 809*r - 1316. What is q(-117)?
-146
Let k(y) = 2*y**2 - 55*y + 198. Give k(20).
-102
Let y(m) = -8*m**3 + 3*m**2 - 263*m + 517. Calculate y(2).
-61
Let a(y) = 2*y**3 + 9*y**2 + 364*y + 1841. Determine a(-5).
-4
Let q(i) = -2*i**2 + 4055*i - 2. Determine q(0).
-2
Let v(g) = -5759*g - 132464. What is v(-23)?
-7
Let z(x) = -4*x**3 - 12602*x**2 + 63106*x + 19. Calculate z(5).
-1
Let i(a) = 33538*a - 200041. What is i(6)?
1187
Let q(y) = -44*y**2 + 1093*y - 31. Determine q(27).
-2596
Let w(q) = 2243*q + 8559. What is w(-5)?
-2656
Let c(x) = -x**2 + 358*x + 11893. Determine c(-29).
670
Let y(v) = -21*v**2 + 523*v - 369. What is y(25)?
-419
Let y(m) = 12*m**2 - 681*m - 28769. What is y(85)?
46
Let h(z) = 639*z**2 + 64*z - 26. Calculate h(-1).
549
Let l(x) = -21*x**3 - 3*x**2 - 36*x - 33. Calculate l(-1).
21
Let w(i) = 28*i**3 + 7950*i**2 + 7363*i + 1417. What is w(-283)?
2
Let t(r) = r**3 + 136*r**2 + 404*r + 677. Give t(-133).
12
Let d(v) = 4927*v - 182788. Give d(37).
-489
Let f(w) = 119*w**2 - 10846*w + 175287. Determine f(21).
0
Let j(m) = -2*m**2 + 195*m + 3376. Calculate j(113).
-127
Let j(x) = -x**3 - 90*x**2 + 142*x + 12918. Calculate j(-90).
138
Let h(i) = -i**2 + 14546*i + 174725. Give h(-12).
29
Let a(v) = -2*v**3 + 2376*v**2 + 9402*v + 159713. Determine a(1192).
-15
Let l(k) = -k**3 + 386*k**2 - 3193*k + 63900. Calculate l(378).
18
Let l(v) = 5*v**3 + 378*v**2 - 141*v + 834. What is l(-76)?
-2
Let f(g) = g**2 - 4695*g + 5480312. Give f(2173).
6
Let h(n) = -923*n - 81091. Determine h(-88).
133
Let n(t) = 20*t**2 + 376*t -